
5
What is the hundreds digit of 7969149?
1
What is the thousands digit of 879894?
9
What is the thousands digit of 1493750?
3
What is the units digit of 1591340?
0
What is the thousands digit of 6678491?
8
What is the ten millions digit of 15944456?
1
What is the tens digit of 1142709?
0
What is the hundred thousands digit of 1458278?
4
What is the thousands digit of 93970?
3
What is the tens digit of 7524017?
1
What is the ten thousands digit of 5775052?
7
What is the hundreds digit of 16179707?
7
What is the thousands digit of 14881107?
1
What is the units digit of 19431606?
6
What is the units digit of 20531303?
3
What is the hundred thousands digit of 1557240?
5
What is the ten thousands digit of 65007?
6
What is the tens digit of 6218967?
6
What is the tens digit of 5927460?
6
What is the hundreds digit of 503646?
6
What is the thousands digit of 642971?
2
What is the millions digit of 3660141?
3
What is the millions digit of 2936525?
2
What is the units digit of 386247?
7
What is the units digit of 28760?
0
What is the units digit of 964024?
4
What is the hundreds digit of 28291930?
9
What is the tens digit of 8284325?
2
What is the tens digit of 698649?
4
What is the units digit of 109211?
1
What is the thousands digit of 111330?
1
What is the millions digit of 23860164?
3
What is the ten thousands digit of 2556332?
5
What is the hundreds digit of 21790854?
8
What is the hundred thousands digit of 1023454?
0
What is the hundred thousands digit of 2829293?
8
What is the hundreds digit of 872591?
5
What is the hundred thousands digit of 21798331?
7
What is the millions digit of 1319058?
1
What is the tens digit of 1540020?
2
What is the ten thousands digit of 65459?
6
What is the hundred thousands digit of 4045551?
0
What is the ten thousands digit of 20908488?
0
What is the hundred thousands digit of 372294?
3
What is the hundred thousands digit of 229078?
2
What is the ten thousands digit of 134862?
3
What is the ten thousands digit of 8130162?
3
What is the hundred thousands digit of 5028116?
0
What is the hundreds digit of 5566244?
2
What is the hundreds digit of 50403?
4
What is the units digit of 2646313?
3
What is the tens digit of 1243256?
5
What is the millions digit of 1359620?
1
What is the hundreds digit of 9205758?
7
What is the hundreds digit of 37514?
5
What is the hundreds digit of 655321?
3
What is the ten millions digit of 28626299?
2
What is the units digit of 264842?
2
What is the ten thousands digit of 273128?
7
What is the units digit of 3043122?
2
What is the millions digit of 1294562?
1
What is the tens digit of 220217?
1
What is the millions digit of 2026536?
2
What is the millions digit of 8250806?
8
What is the millions digit of 1346611?
1
What is the tens digit of 13058498?
9
What is the ten thousands digit of 1664897?
6
What is the tens digit of 872948?
4
What is the ten thousands digit of 577266?
7
What is the units digit of 150256?
6
What is the thousands digit of 93957?
3
What is the hundreds digit of 3834546?
5
What is the millions digit of 1681943?
1
What is the hundreds digit of 16888600?
6
What is the hundred thousands digit of 438217?
4
What is the thousands digit of 4364225?
4
What is the hundred thousands digit of 2486282?
4
What is the hundreds digit of 1962905?
9
What is the tens digit of 1007447?
4
What is the millions digit of 4457259?
4
What is the ten thousands digit of 442934?
4
What is the thousands digit of 4984541?
4
What is the tens digit of 8502952?
5
What is the hundred thousands digit of 2309388?
3
What is the hundred thousands digit of 495494?
4
What is the units digit of 278214?
4
What is the hundred thousands digit of 199898?
1
What is the hundreds digit of 767866?
8
What is the units digit of 12420204?
4
What is the thousands digit of 599432?
9
What is the tens digit of 305476?
7
What is the hundreds digit of 3796181?
1
What is the thousands digit of 736553?
6
What is the ten thousands digit of 56575?
5
What is the ten thousands digit of 26758256?
5
What is the ten thousands digit of 387035?
8
What is the hundred thousands digit of 263111?
2
What is the tens digit of 1201442?
4
What is the hundreds digit of 11043?
0
What is the thousands digit of 540461?
0
What is the ten thousands digit of 208815?
0
What is the hundreds digit of 12724755?
7
What is the hundreds digit of 444036?
0
What is the thousands digit of 7215389?
5
What is the units digit of 2662522?
2
What is the millions digit of 4983233?
4
What is the ten thousands digit of 10458890?
5
What is the hundreds digit of 927566?
5
What is the tens digit of 999720?
2
What is the thousands digit of 8004677?
4
What is the tens digit of 9425337?
3
What is the ten thousands digit of 3604329?
0
What is the ten thousands digit of 643941?
4
What is the ten thousands digit of 1113254?
1
What is the millions digit of 14450301?
4
What is the hundreds digit of 3858265?
2
What is the hundreds digit of 223190?
1
What is the hundred thousands digit of 259273?
2
What is the hundreds digit of 409747?
7
What is the tens digit of 267872?
7
What is the tens digit of 17445940?
4
What is the units digit of 41350?
0
What is the hundred thousands digit of 247047?
2
What is the tens digit of 52900?
0
What is the hundred thousands digit of 912899?
9
What is the hundred thousands digit of 1460581?
4
What is the tens digit of 328269?
6
What is the ten thousands digit of 100221?
0
What is the tens digit of 548531?
3
What is the hundred thousands digit of 16408546?
4
What is the ten thousands digit of 35697223?
9
What is the tens digit of 25320?
2
What is the tens digit of 1022724?
2
What is the hundred thousands digit of 3061144?
0
What is the hundreds digit of 2114558?
5
What is the hundreds digit of 3183452?
4
What is the hundreds digit of 1223924?
9
What is the ten thousands digit of 10230704?
3
What is the thousands digit of 2778251?
8
What is the units digit of 3377586?
6
What is the millions digit of 5039519?
5
What is the ten thousands digit of 1695959?
9
What is the hundred thousands digit of 197204?
1
What is the hundreds digit of 171942?
9
What is the ten thousands digit of 749096?
4
What is the millions digit of 6066253?
6
What is the tens digit of 95898?
9
What is the thousands digit of 123913?
3
What is the tens digit of 658622?
2
What is the ten millions digit of 10644797?
1
What is the hundred thousands digit of 3240106?
2
What is the hundred thousands digit of 1560072?
5
What is the thousands digit of 20401674?
1
What is the tens digit of 608874?
7
What is the millions digit of 1378342?
1
What is the ten millions digit of 11875910?
1
What is the tens digit of 152103?
0
What is the tens digit of 1175187?
8
What is the units digit of 181586?
6
What is the hundreds digit of 27634?
6
What is the ten thousands digit of 714582?
1
What is the thousands digit of 144476?
4
What is the ten thousands digit of 55003?
5
What is the thousands digit of 3426501?
6
What is the tens digit of 845992?
9
What is the hundreds digit of 1203618?
6
What is the hundreds digit of 246963?
9
What is the ten thousands digit of 98577?
9
What is the hundreds digit of 1157227?
2
What is the units digit of 290729?
9
What is the units digit of 4916094?
4
What is the hundred thousands digit of 15695985?
6
What is the millions digit of 5739500?
5
What is the thousands digit of 269541?
9
What is the hundreds digit of 256347?
3
What is the tens digit of 1634863?
6
What is the hundred thousands digit of 280273?
2
What is the ten thousands digit of 28521446?
2
What is the ten thousands digit of 961678?
6
What is the thousands digit of 108315?
8
What is the units digit of 9349571?
1
What is the hundred thousands digit of 194134?
1
What is the tens digit of 99410?
1
What is the millions digit of 2738716?
2
What is the hundred thousands digit of 8859856?
8
What is the hundreds digit of 4093385?
3
What is the hundred thousands digit of 603122?
6
What is the units digit of 35593070?
0
What is the tens digit of 2690822?
2
What is the hundreds digit of 65388?
3
What is the ten thousands digit of 354699?
5
What is the ten thousands digit of 168398?
6
What is the hundred thousands digit of 685180?
6
What is the units digit of 1173422?
2
What is the tens digit of 709944?
4
What is the 